{"id":1640,"date":"2019-01-18T20:12:39","date_gmt":"2019-01-18T19:12:39","guid":{"rendered":"https:\/\/aspasia-wellness.com\/?page_id=1640"},"modified":"2021-07-27T18:05:35","modified_gmt":"2021-07-27T16:05:35","slug":"your-bodyformer","status":"publish","type":"page","link":"https:\/\/aspasia-wellness.com\/coming-soon\/under-construction\/your-bodyformer\/","title":{"rendered":"YOUR BODYFORMER"},"content":{"rendered":"<p>[et_pb_section fb_built=&#8220;1&#8243; _builder_version=&#8220;3.22&#8243; background_image=&#8220;https:\/\/aspasia-wellness.com\/wp-content\/uploads\/2018\/06\/6523C6EC-F1EC-4A16-A717-523B4746AB64.jpeg&#8220; parallax=&#8220;on&#8220; filter_hue_rotate=&#8220;14deg&#8220; filter_contrast=&#8220;101%&#8220;][et_pb_row _builder_version=&#8220;3.25&#8243; background_size=&#8220;initial&#8220; background_position=&#8220;top_left&#8220; background_repeat=&#8220;repeat&#8220;][et_pb_column type=&#8220;4_4&#8243; _builder_version=&#8220;3.25&#8243; custom_padding=&#8220;|||&#8220; custom_padding__hover=&#8220;|||&#8220;][et_pb_cta title=&#8220;YOUR BODYFORMER&#8220; admin_label=&#8220;Handlungsaufruf &#8211; lerne die Lomi kennen&#8220; _builder_version=&#8220;3.19.4&#8243; header_font=&#8220;Taviraj||||||||&#8220; header_font_size=&#8220;45&#8243; body_font=&#8220;||||||||&#8220; body_font_size=&#8220;18&#8243; use_background_color=&#8220;off&#8220; animation_style=&#8220;zoom&#8220; header_text_shadow_style=&#8220;preset2&#8243; text_shadow_style=&#8220;preset2&#8243; button_text_size__hover_enabled=&#8220;off&#8220; button_one_text_size__hover_enabled=&#8220;off&#8220; button_two_text_size__hover_enabled=&#8220;off&#8220; button_text_color__hover_enabled=&#8220;off&#8220; button_one_text_color__hover_enabled=&#8220;off&#8220; button_two_text_color__hover_enabled=&#8220;off&#8220; button_border_width__hover_enabled=&#8220;off&#8220; button_one_border_width__hover_enabled=&#8220;off&#8220; button_two_border_width__hover_enabled=&#8220;off&#8220; button_border_color__hover_enabled=&#8220;off&#8220; button_one_border_color__hover_enabled=&#8220;off&#8220; button_two_border_color__hover_enabled=&#8220;off&#8220; button_border_radius__hover_enabled=&#8220;off&#8220; button_one_border_radius__hover_enabled=&#8220;off&#8220; button_two_border_radius__hover_enabled=&#8220;off&#8220; button_letter_spacing__hover_enabled=&#8220;off&#8220; button_one_letter_spacing__hover_enabled=&#8220;off&#8220; button_two_letter_spacing__hover_enabled=&#8220;off&#8220; button_bg_color__hover_enabled=&#8220;off&#8220; button_one_bg_color__hover_enabled=&#8220;off&#8220; button_two_bg_color__hover_enabled=&#8220;off&#8220;]<\/p>\n<p>in der ASPASIA HEALTH &amp; WELLNESSLOUNGE<\/p>\n<p>[\/et_pb_cta][et_pb_text _builder_version=&#8220;3.27.4&#8243; text_font=&#8220;||||||||&#8220; text_text_color=&#8220;#ffffff&#8220; header_font=&#8220;||||||||&#8220; header_2_font=&#8220;Arial||||||||&#8220; text_orientation=&#8220;center&#8220; background_layout=&#8220;dark&#8220; link_option_url=&#8220;http:\/\/www.aspasia-lifestyle.com\/your-bodyformer\/&#8220; text_text_shadow_style=&#8220;preset2&#8243; text_text_shadow_color=&#8220;#5b4600&#8243; header_2_text_shadow_style=&#8220;preset2&#8243; header_2_text_shadow_color=&#8220;#5b4600&#8243;]<\/p>\n<h2>Lerne das Geheimnis des YOUR BODYFORMER kennen<\/h2>\n<p>[\/et_pb_text][\/et_pb_column][\/et_pb_row][\/et_pb_section][et_pb_section fb_built=&#8220;1&#8243; _builder_version=&#8220;3.22&#8243; background_image=&#8220;https:\/\/aspasia-wellness.com\/wp-content\/uploads\/2018\/03\/IMG_4630.jpg&#8220; parallax=&#8220;on&#8220;][et_pb_row column_structure=&#8220;1_2,1_2&#8243; _builder_version=&#8220;3.25&#8243; background_size=&#8220;initial&#8220; background_position=&#8220;top_left&#8220; background_repeat=&#8220;repeat&#8220;][et_pb_column type=&#8220;1_2&#8243; _builder_version=&#8220;3.25&#8243; custom_padding=&#8220;|||&#8220; custom_padding__hover=&#8220;|||&#8220;][et_pb_image src=&#8220;https:\/\/aspasia-wellness.com\/wp-content\/uploads\/2019\/01\/IMG_8176-e1547840056711.jpg&#8220; url=&#8220;http:\/\/www.aspasia-lifestyle.com\/your-bodyformer\/&#8220; align_tablet=&#8220;center&#8220; align_phone=&#8220;&#8220; align_last_edited=&#8220;on|desktop&#8220; _builder_version=&#8220;4.9.10&#8243; hover_enabled=&#8220;0&#8243; box_shadow_style=&#8220;preset2&#8243; sticky_enabled=&#8220;0&#8243; animation_style=&#8220;slide&#8220;][\/et_pb_image][et_pb_text _builder_version=&#8220;3.27.4&#8243; text_font_size=&#8220;18&#8243;]<\/p>\n<h4>Die Geschichte<\/h4>\n<p>Viele Menschen mit denen ich arbeitete fragten mich: &#8222;Wie machst Du das, dass Du solch einen schlanken durchtrainierten K\u00f6rper hast?&#8220;<\/p>\n<p>Ein durchtrainierter K\u00f6rper erh\u00f6ht mein Wohlbefinden und das empfinde nicht nur ich so.<\/p>\n<p> Als \u00c4sthetin liebe ich zum einen harmonische Formen und zum anderen strahlt ein schlanker K\u00f6rper f\u00fcr mich Gesundheit, Anmut und Wohlbefinden aus.<br \/> Jedoch liebe ich es als eher introvertierte Unternehmerin, Geheimwaffe, \ud83d\ude09 zu Hause auf meine Bed\u00fcrfnisse abgestimmt zu trainieren.<\/p>\n<p> Die Summe der Zusammenh\u00e4nge von Wohlbefinden, Selbstliebe, mein Wissen\/ meine Erfahrungen zu teilen und des Zielkundenwunsches waren \u00a0f\u00fcr mich die Gr\u00fcnde \u00a0mein Geheimnis auf diese Art preis zu geben und Dich einzuladen, wie auch DU mit Anfang 50 mit nur t\u00e4glich 15-20 Minuten Deinen K\u00f6rper in Form bringst und Dein Wohlbefinden steigerst.<\/p>\n<h2><\/h2>\n<h4><\/h4>\n<p>[\/et_pb_text][et_pb_image align_tablet=&#8220;center&#8220; align_phone=&#8220;&#8220; align_last_edited=&#8220;on|desktop&#8220; _builder_version=&#8220;3.23&#8243;][\/et_pb_image][\/et_pb_column][et_pb_column type=&#8220;1_2&#8243; _builder_version=&#8220;3.25&#8243; custom_padding=&#8220;|||&#8220; custom_padding__hover=&#8220;|||&#8220;][et_pb_text _builder_version=&#8220;3.27.4&#8243; text_font_size=&#8220;18px&#8220;]<\/p>\n<h3>Was macht YOUR BODYFORMER so einzigartig?<\/h3>\n<h3><\/h3>\n<p>Der BODYFORMER ist eine ONLINE &#8211; Anleitung mit einfachen \u00dcbungen f\u00fcr:<\/p>\n<p><strong>&#8211;<\/strong> Speziell Frauen, die es lieben zeitsparend und optimal mit nur 15- 20 Minuten t\u00e4glich zu trainieren.<\/p>\n<p><strong>&#8211;<\/strong> Er ist f\u00fcr introvertierte Frauen, welche lieber zu Hause* mit einer Anleitung sich in Form bringen und somit ihr Wohlbefinden steigern wollen.<\/p>\n<p><strong>&#8211;<\/strong> Er ist f\u00fcr Frauen die eine Anleitung ben\u00f6tigen und mit Selbstdisziplin und Geduld einen wohlgeformten Body und mehr Wohlbefinden erreichen wollen.<\/p>\n<p><strong>&#8211;<\/strong> Er ist auch f\u00fcr Frauen, die sich mit Gleichgesinnten austauschen wollen.<\/p>\n<p><strong>&#8211;<\/strong> Er ist in der Praxis getestet<\/p>\n<p><strong>&#8211;<\/strong> Er ist f\u00fcr Frauen geeignet, die Kreativit\u00e4t und Leichtigkeit lieben<\/p>\n<p>Dieser Kurs ist NICHT f\u00fcr Frauen geeignet, die einen Kurs kaufen und nicht regelm\u00e4ssig mit Geduld und umsetzen.<\/p>\n<h2><\/h2>\n<p>[\/et_pb_text][et_pb_image align_tablet=&#8220;center&#8220; align_phone=&#8220;&#8220; align_last_edited=&#8220;on|desktop&#8220; _builder_version=&#8220;3.23&#8243;][\/et_pb_image][et_pb_text _builder_version=&#8220;3.27.4&#8243; text_font_size=&#8220;18px&#8220;]<\/p>\n<h4>Durchf\u00fchrung &amp; Anwendungsgebiete<\/h4>\n<p>Gratis\u00fcbungen anschauen, dann auf den gelben Button zum erwerben klicken und downloaden und schon kannst Du beginnen.<\/p>\n<p>Folge dazu einfach den Anleitungen.<\/p>\n<p>Nutze die \u00dcbungen m\u00f6glichst t\u00e4glich f\u00fcr ein erfolgreiches Erreichen eines wohlgeformten Bodys und mehr Wohlbefinden.<\/p>\n<p>Solltest Du unter akuten k\u00f6rperlichen Schmerzen leiden, lasse Dich erst \u00e4rztlich checken, ob nichts gegen diese \u00dcbungen spricht.<\/p>\n<p>Wie kann es besser werden, auch bei chronischen, Dir bekannten, abgekl\u00e4rten Beschwerden?<\/p>\n<p>Wie ist es, wenn Du Deiner Intuition vertraust ?<\/p>\n<p>Der YOUR BODYFORMER ist ideal bei:\u00a0<\/p>\n<p>&#8211; Stress<br \/> &#8211; als Begleitung zum Abnehmen<br \/> &#8211; alte Gedankenmuster abzulegen<br \/> &#8211; Deinen Stoffwechsel anzuregen<br \/> &#8211; Dein Wohlbefinden zu steigern<br \/> &#8211; Dich selbst zu lieben<br \/> &#8211; mehr Beweglichkeit zu erhalten<br \/> &#8211; mit Leichtigkeit und Kreativit\u00e4t ein neues Wohlbefinden und K\u00f6rpergef\u00fchl zu erhalten<\/p>\n<h2><\/h2>\n<h2><\/h2>\n<p>[\/et_pb_text][\/et_pb_column][\/et_pb_row][\/et_pb_section][et_pb_section fb_built=&#8220;1&#8243; _builder_version=&#8220;3.22&#8243; background_image=&#8220;https:\/\/aspasia-wellness.com\/wp-content\/uploads\/2018\/06\/6523C6EC-F1EC-4A16-A717-523B4746AB64.jpeg&#8220; parallax=&#8220;on&#8220;][et_pb_row column_structure=&#8220;1_2,1_2&#8243; _builder_version=&#8220;3.25&#8243; background_size=&#8220;initial&#8220; background_position=&#8220;top_left&#8220; background_repeat=&#8220;repeat&#8220;][et_pb_column type=&#8220;1_2&#8243; _builder_version=&#8220;3.25&#8243; custom_padding=&#8220;|||&#8220; custom_padding__hover=&#8220;|||&#8220;][et_pb_cta title=&#8220;Mit dem YOUR BODYFORMER zu neuem Wohlbefinden &#8220; button_url=&#8220;http:\/\/www.aspasia-lifestyle.com\/your-bodyformer\/&#8220; button_text=&#8220;Hier gleich Deinen YOUR BODYFORMER sichern&#8220; _builder_version=&#8220;4.9.0&#8243; header_font=&#8220;|600|||||||&#8220; header_font_size=&#8220;36&#8243; use_background_color=&#8220;off&#8220; custom_button=&#8220;on&#8220; button_text_size=&#8220;22&#8243; button_text_color=&#8220;#ffffff&#8220; button_bg_use_color_gradient=&#8220;on&#8220; button_bg_color_gradient_start=&#8220;#e06962&#8243; button_bg_color_gradient_end=&#8220;#faebd7&#8243; button_border_width=&#8220;0&#8243; button_border_radius=&#8220;45&#8243; button_font=&#8220;Arial||||||||&#8220; animation_style=&#8220;zoom&#8220; header_text_shadow_style=&#8220;preset2&#8243; button_text_shadow_style=&#8220;preset2&#8243; box_shadow_style_button=&#8220;preset2&#8243; text_shadow_style=&#8220;preset2&#8243; button_text_size__hover_enabled=&#8220;off&#8220; button_one_text_size__hover_enabled=&#8220;off&#8220; button_two_text_size__hover_enabled=&#8220;off&#8220; button_text_color__hover_enabled=&#8220;off&#8220; button_one_text_color__hover_enabled=&#8220;off&#8220; button_two_text_color__hover_enabled=&#8220;off&#8220; button_border_width__hover_enabled=&#8220;off&#8220; button_one_border_width__hover_enabled=&#8220;off&#8220; button_two_border_width__hover_enabled=&#8220;off&#8220; button_border_color__hover_enabled=&#8220;off&#8220; button_one_border_color__hover_enabled=&#8220;off&#8220; button_two_border_color__hover_enabled=&#8220;off&#8220; button_border_radius__hover_enabled=&#8220;off&#8220; button_one_border_radius__hover_enabled=&#8220;off&#8220; button_two_border_radius__hover_enabled=&#8220;off&#8220; button_letter_spacing__hover_enabled=&#8220;off&#8220; button_one_letter_spacing__hover_enabled=&#8220;off&#8220; button_two_letter_spacing__hover_enabled=&#8220;off&#8220; button_bg_color__hover_enabled=&#8220;off&#8220; button_one_bg_color__hover_enabled=&#8220;off&#8220; button_two_bg_color__hover_enabled=&#8220;off&#8220;][\/et_pb_cta][\/et_pb_column][et_pb_column type=&#8220;1_2&#8243; _builder_version=&#8220;3.25&#8243; custom_padding=&#8220;|||&#8220; custom_padding__hover=&#8220;|||&#8220;][\/et_pb_column][\/et_pb_row][\/et_pb_section][et_pb_section fb_built=&#8220;1&#8243; _builder_version=&#8220;3.22&#8243; use_background_color_gradient=&#8220;on&#8220; background_color_gradient_start=&#8220;#fffaf0&#8243; background_color_gradient_end=&#8220;#faebd7&#8243; parallax=&#8220;on&#8220;][et_pb_row _builder_version=&#8220;3.25&#8243;][et_pb_column type=&#8220;4_4&#8243; _builder_version=&#8220;3.25&#8243; custom_padding=&#8220;|||&#8220; custom_padding__hover=&#8220;|||&#8220;][et_pb_divider show_divider=&#8220;off&#8220; _builder_version=&#8220;3.6&#8243;][\/et_pb_divider][\/et_pb_column][\/et_pb_row][et_pb_row _builder_version=&#8220;3.25&#8243;][et_pb_column type=&#8220;4_4&#8243; _builder_version=&#8220;3.25&#8243; custom_padding=&#8220;|||&#8220; custom_padding__hover=&#8220;|||&#8220;][et_pb_blurb title=&#8220;Weitere Angebote f\u00fcr mehr Wohlbefinden &#8220; _builder_version=&#8220;3.19.4&#8243; header_font=&#8220;Taviraj||||||||&#8220; header_font_size=&#8220;37&#8243; text_orientation=&#8220;center&#8220; header_text_shadow_style=&#8220;preset2&#8243; text_shadow_style=&#8220;preset2&#8243;]<\/p>\n<p>Tippe jeweils einfach aufs Bild um mehr zu erfahren!<\/p>\n<p>[\/et_pb_blurb][\/et_pb_column][\/et_pb_row][\/et_pb_section][et_pb_section fb_built=&#8220;1&#8243; _builder_version=&#8220;3.22&#8243; use_background_color_gradient=&#8220;on&#8220; background_color_gradient_start=&#8220;#faebd7&#8243; background_color_gradient_end=&#8220;#fffaf0&#8243;][et_pb_row column_structure=&#8220;1_4,1_4,1_4,1_4&#8243; _builder_version=&#8220;3.25&#8243; background_size=&#8220;initial&#8220; background_position=&#8220;top_left&#8220; background_repeat=&#8220;repeat&#8220;][et_pb_column type=&#8220;1_4&#8243; _builder_version=&#8220;3.25&#8243; custom_padding=&#8220;|||&#8220; custom_padding__hover=&#8220;|||&#8220;][et_pb_image src=&#8220;https:\/\/aspasia-wellness.com\/wp-content\/uploads\/2018\/03\/fullsizeoutput_485.jpeg&#8220; url=&#8220;https:\/\/aspasia-wellness.com\/wohlfuehlangebote-der-aspasia-health-wellnesslounge\/&#8220; align_tablet=&#8220;center&#8220; align_phone=&#8220;&#8220; align_last_edited=&#8220;on|desktop&#8220; _builder_version=&#8220;4.9.10&#8243; hover_enabled=&#8220;0&#8243; box_shadow_style=&#8220;preset2&#8243; sticky_enabled=&#8220;0&#8243; animation_style=&#8220;fade&#8220;][\/et_pb_image][\/et_pb_column][et_pb_column type=&#8220;1_4&#8243; _builder_version=&#8220;3.25&#8243; custom_padding=&#8220;|||&#8220; custom_padding__hover=&#8220;|||&#8220;][et_pb_image src=&#8220;https:\/\/aspasia-wellness.com\/wp-content\/uploads\/2018\/04\/IMG_3048-e1523895710654.jpg&#8220; url=&#8220;https:\/\/aspasia-wellness.com\/wohlfuehlangebote-2-fuer-dich\/yes-food\/&#8220; align_tablet=&#8220;center&#8220; align_phone=&#8220;&#8220; align_last_edited=&#8220;on|desktop&#8220; _builder_version=&#8220;4.9.10&#8243; hover_enabled=&#8220;0&#8243; box_shadow_style=&#8220;preset2&#8243; sticky_enabled=&#8220;0&#8243; animation_style=&#8220;fade&#8220;][\/et_pb_image][\/et_pb_column][et_pb_column type=&#8220;1_4&#8243; _builder_version=&#8220;3.25&#8243; custom_padding=&#8220;|||&#8220; custom_padding__hover=&#8220;|||&#8220;][et_pb_image src=&#8220;https:\/\/aspasia-wellness.com\/wp-content\/uploads\/2018\/05\/IMG_5843-e1527634341871.jpg&#8220; url=&#8220;https:\/\/aspasia-wellness.com\/bars\/&#8220; align_tablet=&#8220;center&#8220; align_phone=&#8220;&#8220; align_last_edited=&#8220;on|desktop&#8220; _builder_version=&#8220;4.9.10&#8243; hover_enabled=&#8220;0&#8243; box_shadow_style=&#8220;preset2&#8243; sticky_enabled=&#8220;0&#8243; animation_style=&#8220;fade&#8220;][\/et_pb_image][\/et_pb_column][et_pb_column type=&#8220;1_4&#8243; _builder_version=&#8220;3.25&#8243; custom_padding=&#8220;|||&#8220; custom_padding__hover=&#8220;|||&#8220;][et_pb_image src=&#8220;https:\/\/aspasia-wellness.com\/wp-content\/uploads\/2018\/04\/IMG_9358.jpg&#8220; url=&#8220;http:\/\/www.aspasia-lifestyle.com\/your-bodyformer\/&#8220; align_tablet=&#8220;center&#8220; align_phone=&#8220;&#8220; align_last_edited=&#8220;on|desktop&#8220; _builder_version=&#8220;4.9.10&#8243; hover_enabled=&#8220;0&#8243; box_shadow_style=&#8220;preset2&#8243; sticky_enabled=&#8220;0&#8243; animation_style=&#8220;fade&#8220;][\/et_pb_image][\/et_pb_column][\/et_pb_row][\/et_pb_section][et_pb_section fb_built=&#8220;1&#8243; _builder_version=&#8220;3.6&#8243; use_background_color_gradient=&#8220;on&#8220; background_color_gradient_start=&#8220;#ffffff&#8220; background_color_gradient_end=&#8220;#d2b48c&#8220; global_module=&#8220;960&#8243;][et_pb_row column_structure=&#8220;1_3,2_3&#8243; _builder_version=&#8220;3.25&#8243; background_size=&#8220;initial&#8220; background_position=&#8220;top_left&#8220; background_repeat=&#8220;repeat&#8220;][et_pb_column type=&#8220;1_3&#8243; _builder_version=&#8220;3.25&#8243; custom_padding=&#8220;|||&#8220; custom_padding__hover=&#8220;|||&#8220;][et_pb_text admin_label=&#8220;Titel&#8220; _builder_version=&#8220;3.27.4&#8243;][\/et_pb_text][et_pb_text admin_label=&#8220;Adresse&#8220; _builder_version=&#8220;3.27.4&#8243; text_font_size=&#8220;18px&#8220; header_2_font_size=&#8220;21px&#8220;]<\/p>\n<h2><strong>ASPASIA HEALTH &amp; WELLNESSLOUNGE\u00a0<\/strong><\/h2>\n<p><em>&#8222;einfach wohlf\u00fchlen &amp; geniessen&#8220;<\/em><\/p>\n<p>Deine Wohlf\u00fchlgeheimwaffe<\/p>\n<p>Dorfmatta 2<\/p>\n<p>CH &#8211; 1734 Tentlingen<\/p>\n<p>health(at)aspasia(dot)ch<\/p>\n<p>[\/et_pb_text][et_pb_text admin_label=&#8220;Adresse&#8220; _builder_version=&#8220;3.27.4&#8243;][\/et_pb_text][et_pb_text admin_label=&#8220;Adresse&#8220; _builder_version=&#8220;3.27.4&#8243;][\/et_pb_text][\/et_pb_column][et_pb_column type=&#8220;2_3&#8243; _builder_version=&#8220;3.25&#8243; custom_padding=&#8220;|||&#8220; custom_padding__hover=&#8220;|||&#8220;][et_pb_contact_form email=&#8220;wellness@aspasia.ch &#8220; title=&#8220;Du hast Fragen? F\u00fchl Dich frei sie zu stellen. Hier kannst Du mir auch Deine Nachricht senden.  You can also send me your message here \u23ae Vous pouvez egalement m`envoyer votre message ici !  &#8220; custom_message=&#8220; Name %%Name%%||et_pb_line_break_holder||Email %%Email%%||et_pb_line_break_holder||Meine Nachricht betrifft folgendes:%%Message%%||et_pb_line_break_holder||||et_pb_line_break_holder||&#8220; success_message=&#8220;Deine Nachricht wurde erfolgreich gesendet \u23ae Your Message was successfully send \u23ae Votre message a \u00e8te envoye avec succes&#8220; submit_button_text=&#8220;Hier absenden \u23ae send &#8220; module_id=&#8220;et_pb_contact_form_0&#8243; _builder_version=&#8220;4.9.0&#8243; custom_button=&#8220;on&#8220; button_text_size=&#8220;18px&#8220; button_text_color=&#8220;#FFFFFF&#8220; button_bg_color=&#8220;#deb887&#8243; button_bg_use_color_gradient=&#8220;on&#8220; button_bg_color_gradient_start=&#8220;#e06962&#8243; button_bg_color_gradient_end=&#8220;#fffaf0&#8243; button_border_width=&#8220;0px&#8220; button_border_color=&#8220;#deb887&#8243; button_border_radius=&#8220;45px&#8220; button_font=&#8220;Arial|600|||||||&#8220; animation_style=&#8220;fade&#8220; z_index_tablet=&#8220;500&#8243; button_text_shadow_style=&#8220;preset2&#8243; box_shadow_style_button=&#8220;preset2&#8243;][et_pb_contact_field field_id=&#8220;Name&#8220; field_title=&#8220;Name&#8220; _builder_version=&#8220;3.21&#8243; form_field_font_size=&#8220;17px&#8220; form_field_font_size_tablet=&#8220;17px&#8220; form_field_font_size_phone=&#8220;17px&#8220; button_text_size__hover_enabled=&#8220;off&#8220; button_one_text_size__hover_enabled=&#8220;off&#8220; button_two_text_size__hover_enabled=&#8220;off&#8220; button_text_color__hover_enabled=&#8220;off&#8220; button_one_text_color__hover_enabled=&#8220;off&#8220; button_two_text_color__hover_enabled=&#8220;off&#8220; button_border_width__hover_enabled=&#8220;off&#8220; button_one_border_width__hover_enabled=&#8220;off&#8220; button_two_border_width__hover_enabled=&#8220;off&#8220; button_border_color__hover_enabled=&#8220;off&#8220; button_one_border_color__hover_enabled=&#8220;off&#8220; button_two_border_color__hover_enabled=&#8220;off&#8220; button_border_radius__hover_enabled=&#8220;off&#8220; button_one_border_radius__hover_enabled=&#8220;off&#8220; button_two_border_radius__hover_enabled=&#8220;off&#8220; button_letter_spacing__hover_enabled=&#8220;off&#8220; button_one_letter_spacing__hover_enabled=&#8220;off&#8220; button_two_letter_spacing__hover_enabled=&#8220;off&#8220; button_bg_color__hover_enabled=&#8220;off&#8220; button_one_bg_color__hover_enabled=&#8220;off&#8220; button_two_bg_color__hover_enabled=&#8220;off&#8220;][\/et_pb_contact_field][et_pb_contact_field field_id=&#8220;Email&#8220; field_title=&#8220;E-Mail-Adresse&#8220; field_type=&#8220;email&#8220; _builder_version=&#8220;3.21&#8243; form_field_font=&#8220;||||||||&#8220; form_field_font_size=&#8220;18px&#8220; button_text_size__hover_enabled=&#8220;off&#8220; button_one_text_size__hover_enabled=&#8220;off&#8220; button_two_text_size__hover_enabled=&#8220;off&#8220; button_text_color__hover_enabled=&#8220;off&#8220; button_one_text_color__hover_enabled=&#8220;off&#8220; button_two_text_color__hover_enabled=&#8220;off&#8220; button_border_width__hover_enabled=&#8220;off&#8220; button_one_border_width__hover_enabled=&#8220;off&#8220; button_two_border_width__hover_enabled=&#8220;off&#8220; button_border_color__hover_enabled=&#8220;off&#8220; button_one_border_color__hover_enabled=&#8220;off&#8220; button_two_border_color__hover_enabled=&#8220;off&#8220; button_border_radius__hover_enabled=&#8220;off&#8220; button_one_border_radius__hover_enabled=&#8220;off&#8220; button_two_border_radius__hover_enabled=&#8220;off&#8220; button_letter_spacing__hover_enabled=&#8220;off&#8220; button_one_letter_spacing__hover_enabled=&#8220;off&#8220; button_two_letter_spacing__hover_enabled=&#8220;off&#8220; button_bg_color__hover_enabled=&#8220;off&#8220; button_one_bg_color__hover_enabled=&#8220;off&#8220; button_two_bg_color__hover_enabled=&#8220;off&#8220;][\/et_pb_contact_field][et_pb_contact_field field_id=&#8220;Message&#8220; field_title=&#8220;Nachricht&#8220; field_type=&#8220;text&#8220; fullwidth_field=&#8220;on&#8220; _builder_version=&#8220;4.0.7&#8243; form_field_font=&#8220;||||||||&#8220; form_field_font_size=&#8220;18px&#8220; button_text_size__hover_enabled=&#8220;off&#8220; button_one_text_size__hover_enabled=&#8220;off&#8220; button_two_text_size__hover_enabled=&#8220;off&#8220; button_text_color__hover_enabled=&#8220;off&#8220; button_one_text_color__hover_enabled=&#8220;off&#8220; button_two_text_color__hover_enabled=&#8220;off&#8220; button_border_width__hover_enabled=&#8220;off&#8220; button_one_border_width__hover_enabled=&#8220;off&#8220; button_two_border_width__hover_enabled=&#8220;off&#8220; button_border_color__hover_enabled=&#8220;off&#8220; button_one_border_color__hover_enabled=&#8220;off&#8220; button_two_border_color__hover_enabled=&#8220;off&#8220; button_border_radius__hover_enabled=&#8220;off&#8220; button_one_border_radius__hover_enabled=&#8220;off&#8220; button_two_border_radius__hover_enabled=&#8220;off&#8220; button_letter_spacing__hover_enabled=&#8220;off&#8220; button_one_letter_spacing__hover_enabled=&#8220;off&#8220; button_two_letter_spacing__hover_enabled=&#8220;off&#8220; button_bg_color__hover_enabled=&#8220;off&#8220; button_one_bg_color__hover_enabled=&#8220;off&#8220; button_two_bg_color__hover_enabled=&#8220;off&#8220;][\/et_pb_contact_field][\/et_pb_contact_form][\/et_pb_column][\/et_pb_row][\/et_pb_section]<\/p>\n<span class=\"et_bloom_bottom_trigger\"><\/span>","protected":false},"excerpt":{"rendered":"<p>in der ASPASIA HEALTH &amp; WELLNESSLOUNGELerne das Geheimnis des YOUR BODYFORMER kennenDie Geschichte Viele Menschen mit denen ich arbeitete fragten mich: &#8222;Wie machst Du das, dass Du solch einen schlanken durchtrainierten K\u00f6rper hast?&#8220; Ein durchtrainierter K\u00f6rper erh\u00f6ht mein Wohlbefinden und das empfinde nicht nur ich so. Als \u00c4sthetin liebe ich zum einen harmonische Formen und [&hellip;]<\/p>\n","protected":false},"author":1,"featured_media":0,"parent":0,"menu_order":0,"comment_status":"closed","ping_status":"closed","template":"","meta":{"_et_pb_use_builder":"on","_et_pb_old_content":"","_et_gb_content_width":"","footnotes":""},"class_list":["post-1640","page","type-page","status-publish","hentry"],"_links":{"self":[{"href":"https:\/\/aspasia-wellness.com\/coming-soon\/under-construction\/wp-json\/wp\/v2\/pages\/1640"}],"collection":[{"href":"https:\/\/aspasia-wellness.com\/coming-soon\/under-construction\/wp-json\/wp\/v2\/pages"}],"about":[{"href":"https:\/\/aspasia-wellness.com\/coming-soon\/under-construction\/wp-json\/wp\/v2\/types\/page"}],"author":[{"embeddable":true,"href":"https:\/\/aspasia-wellness.com\/coming-soon\/under-construction\/wp-json\/wp\/v2\/users\/1"}],"replies":[{"embeddable":true,"href":"https:\/\/aspasia-wellness.com\/coming-soon\/under-construction\/wp-json\/wp\/v2\/comments?post=1640"}],"version-history":[{"count":0,"href":"https:\/\/aspasia-wellness.com\/coming-soon\/under-construction\/wp-json\/wp\/v2\/pages\/1640\/revisions"}],"wp:attachment":[{"href":"https:\/\/aspasia-wellness.com\/coming-soon\/under-construction\/wp-json\/wp\/v2\/media?parent=1640"}],"curies":[{"name":"wp","href":"https:\/\/api.w.org\/{rel}","templated":true}]}}